. Let a(d) = -3*d**2 + 23*d + 7. Let u be a(j). Let q(f) = -40*f**3 - 5*f**2 - 1 - 2*f + 4*f**2 + 47*f**3. Determine q(u).
-7
Let r = 4 - 10. Let k(w) = 31 + w**2 + 44187*w + 40 - 70 - 44178*w. Give k(r).
-17
Let o(i) = -4*i**3 + 11*i**2 + 3*i - 5. Let c(w) = -9*w**3 + 25*w**2 + 7*w - 11. Let l(x) = 5*c(x) - 11*o(x). Calculate l(4).
8
Let i(z) = -7*z**2 + z - 1. Let n(c) = c**3 - 13*c**2 + 28*c + 18. Let u be n(10). Calculate i(u).
-31
Let h(z) be the first derivative of 1/4*z**4 - 4*z + z**3 - 96 - 5/2*z**2. Determine h(-4).
0
Let k(m) = 11*m**3 + 2*m**2 + 44*m - 5. Let f(v) = -11*v**3 - 4*v**2 - 65*v + 7. Let b(c) = 2*f(c) + 3*k(c). Let r = 1 - 0. Determine b(r).
10
Let c(l) be the first derivative of -2*l**2 - 4*l + 226. Let g(z) = -z - 18. Let j be g(-15). Calculate c(j).
8
Let f be (-265)/220 - (-11)/(-44) - 12/22. Let h(q) = q**3 - q**2 - 9*q - 7. Determine h(f).
-1
Suppose -24*i + 27*i - 2*o + 25 = 0, -8 = -4*o. Let b(k) = -k - 14. Calculate b(i).
-7
Let s be ((-33 - -27) + (-11)/(-2))*-4. Suppose -55 = s*r + 4*k - 3, 0 = -4*k - 20. Let z(g) = g**3 + 17*g**2 + 17*g + 19. Determine z(r).
3
Let l(s) = -3*s**2 - 12*s - 5. Let u(p) = -13*p**2 - 48*p - 19. Let q(i) = -9*l(i) + 2*u(i). Give q(-11).
-4
Let p(r) = -12 + 63*r - r**2 - 102*r + 39*r. Determine p(0).
-12
Suppose -i - 15 = 2*i, -5*i - 17 = 4*x. Let l(u) = 5 - 2*u + x + 3*u - 16. Calculate l(-8).
-17
Let w(y) = y**2 + 12*y - 39. Let r = -24121 - -24124. Determine w(r).
6
Let b(p) = p**2 - 5*p. Let c be (90/35)/(6/(-196)). Let f = 24 + c. Let h = -56 - f. Determine b(h).
-4
Let k(w) be the third derivative of -w**7/280 - w**5/40 + w**4/12 - 77*w**3/6 + 133*w**2. Let x(q) be the first derivative of k(q). Give x(2).
-28
Suppose -6*q - 3*u = -9, -12 = -13*u + 17*u. Let l(x) be the first derivative of x + 1/3*x**q + 3*x**2 - 31. What is l(-4)?
-7
Let s(j) = -3 + 81*j**2 + 21 + 18*j - 78*j**2. Give s(-6).
18
Let q(h) = 7*h + 1. Let f(d) = -14*d - 2. Let u(k) = -3*f(k) - 5*q(k). Let o = -3896 + 3890. Calculate u(o).
-41
Let y be -2 - -1 - (-6)/(-3). Let a(g) = -g**3 + 6*g**2 - 4*g + 27. Let s be a(6). Let k(h) = 2*h**2 - 10*h + 19*h + s - 5 - 1 - 8*h. Give k(y).
12
Let h = -2709 + 1897. Let u = h + 819. Let s(i) = -i - 7. Let x(l) = -l - 1. Let w(v) = s(v) - 3*x(v). Calculate w(u).
10
Let k(g) = -3*g**3 - 58*g**2 - 86*g + 37. Let o(t) = -5*t**3 - 97*t**2 - 145*t + 62. Let l(j) = -12*k(j) + 7*o(j). Determine l(-16).
-26
Suppose 9*d = 2*v + 13*d - 10, -3*d = -2*v + 10. Suppose 2*m - 11 = -v*s + 4*m, 0 = -2*m + 4. Let q(r) = -r**2 + 3*r + 4. Give q(s).
4
Let x(s) = s**3 + s**2 - 2*s + 4. Let b(j) = -31*j + 37. Let i be b(7). Let a be 2 + 10/(-8) + 675/i. What is x(a)?
-8
Let d = 5 + -2. Let m(t) = -t**3 + 11*t**2 - 10*t + 4. Let s(y) = -y**2 + y + 1. Let g(z) = d*s(z) + m(z). Let r be 46/4 - (738/12)/41 - 3. Give g(r).
7
Suppose 54*z = 16*z + 342. Let d(s) = -s**2 - s - 1. Let c(h) = h**3 - 7*h**2 + 12*h + 3. Let q(y) = c(y) + 3*d(y). Determine q(z).
0
Let b(d) = 4*d - 2 + 3*d + 3 + 5. Let t(i) = i**3 - 23*i**2 - i + 18. Let j be t(23). Let s(n) = -4*n - 3. Let o(m) = j*s(m) - 3*b(m). Calculate o(-7).
4
Let n(g) = -911807*g**2 - 3 + 911808*g**2 + 20 + 8*g. Determine n(-4).
1
Let t(j) = -j**3 + j**2 - 4*j - 8. Let w be t(-3). Let x be (-3)/(-2) - (-20)/w. Let b(q) = -7*q**2 + 9*q**x - 3*q**2 + 2*q + 8. Give b(6).
-16
Let x(m) = 14*m**2 + 2*m + 27. Let j(t) = -23*t**2 - 3*t - 55. Let y(i) = 3*j(i) + 5*x(i). Calculate y(-6).
0
Let b = 3455 + -3460. Let r(m) = -m**2 - 2*m + 13. Give r(b).
-2
Let w(z) = 21*z + 712. Suppose -6*j = -9*j - 15, 0 = 19*s + 3*j + 661. What is w(s)?
-2
Let d(z) = -2*z + 3. Let n = 158 + -153. Give d(n).
-7
Suppose 364*b - 349*b - 285 = 0. Let a(l) = -l**3 + 18*l**2 + 15*l - 10. What is a(b)?
-86
Let g(v) = v**2 - v - 1. Suppose 15 + 3 = 18*p. Let y be ((-6 - -3) + 6)/p. Determine g(y).
5
Let v(n) = n**3 - 20*n**2 - 42*n - 30. Let p = 7811 - 7789. What is v(p)?
14
Let f(q) = 17 - 2011*q**2 + 0 - 7*q + 2012*q**2. Let o be f(4). Let c(n) = -n**3 + 5*n**2 - n + 7. Let b be c(o). Let l(j) = -4*j**2 + 2*j + 2. Determine l(b).
-10
Suppose -3*r = -8*r - 4*h + 13, 2*h = -3*r + 9. Let u(d) be the third derivative of -d**4/12 + 4*d**3/3 + 3*d**2. What is u(r)?
-2
Suppose d + 5*j - 21 = 0, -2*d + j + 3 = -6. Let w(k) = -k**3 + 3*k + 7 - 469*k**2 + k + 233*k**2 + 241*k**2 + 0*k. Calculate w(d).
-5
Let a(v) be the third derivative of -v**6/60 + v**5/60 + v**4/8 - v**3/3 + 4*v**2. Let k = -118 + 140. Suppose -k = -62*s + 51*s. Determine a(s).
-8
Let v(u) be the third derivative of u**4/8 + 49*u**2. Let m(i) = 3*i + 1. Let o(z) = -2*m(z) + 3*v(z). Give o(-4).
-14
Let q(f) = 62*f + 124. Let l(t) = 19*t + 40. Let i(y) = -13*l(y) + 4*q(y). What is i(30)?
6
Let n(t) = 10*t**2 + 627*t**3 - 262*t**3 + 23*t + 18 - 366*t**3. Determine n(12).
6
Let z be 5/1 - (0 - (-7 - -5)). Suppose -4*r - 4 = -n + 3, z*n - 4*r = -3. Let k(j) = 10*j + 1. Give k(n).
-49
Let m = -5 - -1. Let b(a) = -2*a**2 + 5*a + 3. Let h(x) = 7*x**2 - 14*x - 12. Let n(z) = 3*b(z) + h(z). Give n(m).
9
Let z(u) be the first derivative of 2*u**2 - u + 1417. Suppose -2*j - 8 = -2*w, -2*w + 3 - 16 = 5*j. Calculate z(w).
3
Let m(b) = -11*b**2 - 74*b - 38. Let q(r) = 2*r**2 + 12*r + 1. Let o(g) = m(g) + 6*q(g). Calculate o(7).
3
Let u be 11 + 99/(-9) + 17. Let x(s) be the first derivative of -u - 7/2*s**2 + 7*s + 1/4*s**4 - 5/3*s**3. Determine x(6).
1
Let n(z) = -16*z**3 + z**2 + z - 2. Let q(d) = d - 1. Let s(o) = -n(o) + 3*q(o). Let h = 20709 + -20708. Determine s(h).
16
Suppose 24*l - 30*l + 12 = 0. Suppose 0 = -2*j + 4*d - 6, -7 = l*j - 2*d + 1. Let m(h) = 3*h - 9*h + 4 + 5*h**2 - 2*h**2 - 4*h**2. Calculate m(j).
9
Let s(w) = 24*w - 30 + 1013*w**2 + 66 - 1010*w**2. What is s(-6)?
0
Let w(b) = 2*b - 35. Let d be 10 + -7 + (-5)/5*-11. Determine w(d).
-7
Let x(q) be the second derivative of -q**5/20 - q**4 + 2*q**3 - 14*q**2 + 856*q. Give x(-13).
-15
Let x(t) = -25*t + 626. Let q be x(25). Let y(l) = -22*l + 8. Give y(q).
-14
Let c(g) = -4*g - 1256. Let s(m) = m + 143. Let a(f) = -c(f) - 9*s(f). Determine a(9).
-76
Let v be ((-21)/14)/(5/(-40)). Suppose 0 = -89*j + 83*j - v. Let g(q) = -2*q**3 - q**2 + 2*q. Determine g(j).
8
Let q(j) = j + 1. Let i be q(0). Let s = -8 + i. Let f(m) = 3*m**3 - 6 - 4*m**3 - 33*m - 6*m**2 + 14*m + 26*m. Calculate f(s).
-6
Let t(o) = o**3 + 2*o**2 - 4*o + 8. Suppose 3*v - 3*w - 24 = 0, v - w = -5*w - 12. Calculate t(v).
88
Suppose -7*g = -13 - 8. Suppose -5*h - g*b + 5 = 0, 2*h - 4*b = -2*b + 2. Let z be (h - 2)*(-3 - (-1 + 1)). Let y(p) = -4*p - 1. Calculate y(z).
-13
Let i = -47911 - -47915. Let k(l) be the second derivative of l**3/2 - 5*l**2/2 - l. Give k(i).
7
Let a(z) = 2*z**2 + 2*z - 17. Let n(q) = 108*q - 426. Let f be n(4). Calculate a(f).
67
Let s(x) = 2*x**2 - 23*x + 24. Let q = -1747 - -1757. What is s(q)?
-6
Let a(l) be the third derivative of 0 + 0*l + 11/24*l**4 - 3*l**3 - 1/60*l**5 - 146*l**2. Determine a(8).
6
Suppose -q + 6*v = 3*v, 0 = -7*q - 4*v + 50. Let j(g) = -5*g - 6. Determine j(q).
-36
Let r be -5*(-9)/105*7. Let n(p) = 20*p + 2*p**2 - 3*p + 2*p**3 - 15*p - 4*p**r. Let h(q) = q**2 + 9*q + 16. Let g be h(-7). Determine n(g).
-4
Let j(z) = z**3 - 7*z**2 + 8*z - 2. Let i be j(7). Let x = i - 52. Let q(t) = -27*t**2 - 5 + 59*t**2 - 31*t**x. What is q(4)?
11
Let a = -85264 + 85266. Let x(f) be the first derivative of f**6/60 - f**5/60 + f**4/24 - f**2/2 + 2. Let u(q) be the second derivative of x(q). What is u(a)?
14
Let f(o) be the third derivative of -o**5/60 + o**4/6 - o**3/2 + 40134*o**2. Suppose 8 = -4*y, -3*b + 4 = 3*y - 5. Calculate f(b).
-8
Let u(p) = -4*p**2 + 5 + 61*p - 3*p**3 + 62*p - 125*p. Give u(-2).
17
Let t(w) be the second derivative of -7/2*w**2 - 2*w - 1/3*w**3 + 1/12*w**4 + 0. Let f = 3179 + -3174. Calculate t(f).
8
Suppose 0 = -g - 5*p + 4, -5*p + 12 = -3*g + 44. Suppose 3*o - 2*o + 2*f = 6, 0 = 2*o + f - g. Let w(t) = -4*t - 14342 + 4*t - t + 14339. Give w(o).
-7
Let f(l) = -17*l**2 - 50*l. Let t be f(-3). Let g(x) be the third derivative of x**4/12 + x**3/3 + 118*x**2. What is g(t)?
-4
Let w(v) be the second derivative of -v**5/20 + v**4/3 + 5*v**3/6 - 917*v - 1. Suppose 5*x - 9 = 11. Suppose 4 = -t - 3*y, y + x*y = -15. What is w(t)?
0
Let w(j) = -j**3 - 5